*t = -2*s, 4*t - 9 = -5*s + 18. Suppose s*m - 6 = 0, -6*m = -5*j - 5*m + 828. What are the prime factors of j?
2, 83
Let f(u) = -2*u**3 + 15*u**2 - 5*u + 16. Let n be f(7). List the prime factors of ((-20)/n)/(2/675*-1).
3, 5
Suppose -4*p + 4*s = -123632, s - 110043 - 13569 = -4*p. What are the prime factors of p?
2, 3863
Let f(g) = 810*g**2 - 526*g - 3665. List the prime factors of f(-7).
59, 673
Suppose 5*f - 5*u = -4250, -11*u + 3404 = -4*f - 6*u. Let c = f + 1193. What are the prime factors of c?
347
What are the prime factors of 1552/(-24)*(45/1)/(2/(-19))?
3, 5, 19, 97
Let u(p) = p**3 + 4*p**2 - 5*p + 9. Let f be u(-5). Suppose f*g = 10*g - 2. Suppose 0 = g*t - 194 + 12. What are the prime factors of t?
7, 13
Suppose 11570 = 4*i - i + 4*f, -4*i - f + 15444 = 0. List the prime factors of i.
2, 1931
Let b = 186 + 9084. List the prime factors of b.
2, 3, 5, 103
Let p = 34871 - 18454. What are the prime factors of p?
16417
Suppose 19526 = 2*a + 5*l, -3*a - 2*l = -14558 - 14687. List the prime factors of a.
9743
Suppose -6*w = -204 - 84. What are the prime factors of 556 - (w/(-12) - 2/(-2))?
13, 43
Let d(f) = 42 - f + f**2 + 3*f - 6*f**2 + 18*f**2. What are the prime factors of d(8)?
2, 5, 89
Let k = -2548 - -3632. List the prime factors of k.
2, 271
Let r = -19 - -41. Suppose 24*c - r*c = -266. Let d = -93 - c. What are the prime factors of d?
2, 5
Let a = -482 + 1047. Suppose -a = -9*z + 4*z. List the prime factors of 1/2*2*z.
113
Let s(b) = -6*b - 26. Let y be s(-5). Suppose 7*p - 1899 = y*p + k, 2*p - 3*k - 1266 = 0. List the prime factors of p.
3, 211
Let x(m) = 2*m**2 + 5*m + 8. Let t(o) = -o - 1. Let q(r) = 3*t(r) + x(r). Let b = 19 - 24. What are the prime factors of q(b)?
3, 5
Let r = -97 - -97. Suppose r = 29*u - 26*u. Suppose u*j - 5*j = -n - 620, 2*n = -2*j + 236. List the prime factors of j.
3, 41
Suppose 289*m = 284*m + 2*c + 62610, -37550 = -3*m - 2*c. List the prime factors of m.
2, 5, 313
Let k(f) = 4*f + 37. Let a be k(-10). List the prime factors of (-3)/a*(-2 + -2 + 203).
199
Let x(c) = -7*c**2 - 23*c + 11. Let w(v) = -3*v**2 - 12*v + 5. Let k(z) = 7*w(z) - 4*x(z). Let n be k(6). List the prime factors of (-2 + 3)/(3/n).
97
Let h = -130 + 130. Suppose h = -42*u + 2*u + 45800. List the prime factors of u.
5, 229
Suppose -5*k - 71429 + 6608 = -f, -2*f = -2*k - 129578. List the prime factors of f.
64781
Let n = -187 - -197. Suppose -5*x = -3*t - n*x + 825, -3*x + 549 = 2*t. List the prime factors of t.
2, 3, 5
Let a be (4/10 - (-342)/(-180))*-98. Let u = -100 + a. List the prime factors of u.
47
Let w = 12808 + -5889. What are the prime factors of w?
11, 17, 37
Suppose 95 + 31 = -18*w. What are the prime factors of 1043 + (w - -6)*2?
3, 347
Let b = 3296 + -1751. Suppose -1200 = -5*f + b. List the prime factors of f.
3, 61
Suppose m - 6153 = o, -2*m = 187*o - 190*o - 12304. List the prime factors of m.
5, 1231
Suppose 3*q = 5*a + 151540, -20*a + 20 = -15*a. What are the prime factors of q?
2, 3, 5, 421
Suppose 4*k - 8 = -0*k. Suppose -2*n = -k*v - 3 + 85, 5*v - 205 = -5*n. What are the prime factors of v?
41
Let s be 3/(-15*(-4)/24 - 2). Suppose -2*m - 3*y + 23 = 0, s*y = -m + y + 22. Suppose m*n - 3435 = -8*n. List the prime factors of n.
229
Let g(c) = -73*c**3 - 11*c**2 - 16*c + 25. List the prime factors of g(-6).
15493
Suppose -5*k = 5*s - 23930, 0 = -5*s + 26 - 56. List the prime factors of k.
2, 599
Let u = 371 + -353. Let z be -15*(-1)/(3/123). Suppose -u*r + 15*r = -z. List the prime factors of r.
5, 41
Suppose 4*u = 5*v + 10388, 7587 = 3*u - 17*v - 151. List the prime factors of u.
2, 1301
Suppose -a - 39 = -5*g - 0*a, 3*a = g - 5. Suppose 0 = o + 4*t - 2*t - 6, -3*o + g = -4*t. Suppose -s = h - 8, s - o - 1 = 0. List the prime factors of h.
3
Let y(i) = i**3 - 19*i**2 - 38*i + 22. List the prime factors of y(27).
2, 17, 71
Let r be 0 - -3 - ((-2)/(-1) - 1). Suppose 4*y + 414 = 2*i, 2*i + 2*y + r*y = 446. What are the prime factors of i?
5, 43
Suppose -18*g + 10*g + 85772 + 135780 = 0. List the prime factors of g.
2, 61, 227
Let j = 2290 + -366. List the prime factors of j.
2, 13, 37
Let b be (-30)/(-9) + -1 + 4/6. Let m be ((-336)/18)/(b/(-18)). Suppose 0*o + o - m = 0. What are the prime factors of o?
2, 7
Let m(z) = z**3 - 6*z**2 - 5*z - 7. Let a = 38 - 31. Let h be m(a). Suppose h*g + 0 - 378 = 0. What are the prime factors of g?
2, 3
Let f(p) = 2*p**3 - 67*p**2 + 169*p + 41. List the prime factors of f(41).
5, 41, 157
Let z = -183 + 181. Let w(d) = -d**2 + d. Let p(i) = -29*i**2 + i - 1. Let k(y) = -p(y) + 5*w(y). What are the prime factors of k(z)?
89
Let t(d) = 9*d - 297. Let y be t(27). List the prime factors of (-9)/(y/(-15))*692/(-10).
173
Let y = 1 - 3. Let k be (-1)/(-5)*-1 - 12/(-10). What are the prime factors of (-210)/y - (2 - k)/1?
2, 13
Let m = -41 + 50. List the prime factors of 12237/m + 6/(-9).
3, 151
Let f = 571 - 236. Suppose 370 = 3*y - f. Suppose -y = -6*q + q. List the prime factors of q.
47
Suppose 10*q = -2089 + 9959. Suppose -17*h + q = 192. What are the prime factors of 71 - ((-42)/h)/((-3)/(-10))?
3, 5
Let n(w) = w**3 + 32*w**2 - 9*w + 183. List the prime factors of n(-26).
3, 7, 71
Let x = -6 + 195. List the prime factors of 102 - (6/(-7))/((-54)/x).
3, 11
Suppose -4*t + 4*g - 20 = 0, -t - 5 = -3*t - g. Let w be ((-24)/30)/(30/(-75)). Suppose -w*s + 204 + 2 = t. List the prime factors of s.
103
Let q = -1363 + 6318. What are the prime factors of q?
5, 991
Suppose -21*k + 30 = -18*k. Suppose 167 = -k*t + 11*t. Suppose -2*c = -4*j + 2*c + 596, j + 5*c = t. List the prime factors of j.
2, 19
Let y be (-24)/(-108) + 26510/18. Suppose 3*o + y = 3*f, -1129 = -3*f - 3*o + 374. What are the prime factors of f?
2, 31
Let i(q) be the second derivative of 7*q**4/12 + 53*q**3/6 + 9*q**2 + 31*q. List the prime factors of i(-10).
2, 47
Let w(s) = -s**3 - 2*s**2 + 3*s + 10. Let d be w(-2). List the prime factors of d - 69/(12/(-32)*1).
2, 47
Let p(r) = -7481*r - 193. What are the prime factors of p(-1)?
2, 911
Suppose 0 = -5*y + 3*f + 80, -4*y - 5*f = -2*f - 91. Let m = 56 - y. Suppose k + 0 - m = 0. What are the prime factors of k?
37
Let a = 1258 + 531. Suppose 1749 = 2*k + 3*n, 4*k = 2*k + 5*n + a. List the prime factors of k.
2, 3, 7
Suppose -417*i + 418*i - 9 = 0. Let s(d) = 164*d + 74. What are the prime factors of s(i)?
2, 5, 31
Let k(p) = p - 6. Let u be k(15). Suppose -u*o + 8*o = -1. List the prime factors of ((-5)/((-20)/336))/o.
2, 3, 7
Suppose 14*t + 819 = 7*t. Let a be (-1)/(3/24)*23/4. Let v = a - t. What are the prime factors of v?
71
Let w be (-5907)/5 + (5 - 28/5). Let q = 1865 + w. What are the prime factors of q?
683
Let v(x) = -2*x**2 - 28*x + 67. Let c be v(-16). Let r(z) = 13 + 4*z**2 - 7 - 2*z + 2*z**2. What are the prime factors of r(c)?
2, 3
Suppose -108 = 7*o - 178. List the prime factors of (-6)/9*(-1845)/o.
3, 41
Suppose -2695 = -3*m + 2*i + 1110, -5*m - 2*i = -6347. Suppose -292*c + 295*c = m. List the prime factors of c.
3, 47
Suppose -3*p = -14*p + 5940. Suppose 9*g + p = 11*g. Suppose 9*b = -0*b + g. List the prime factors of b.
2, 3, 5
Suppose 0 = 18*i - 154434 - 536748. List the prime factors of i.
19, 43, 47
Suppose 13364 = 7*k + 904. What are the prime factors of 4/10*2*k/8?
2, 89
Suppose 13*u - 101 = -36. Suppose -x - 144 = -2*j - 0*j, -4*x = u*j - 334. What are the prime factors of j?
2, 5, 7
Let y(i) = -i**3 - 3*i**2 + 2*i - 5. Let r be y(-4). Suppose -h = -5*z + 104, r = -z + 2*h + 31. Suppose -z*n + 393 = -17*n. List the prime factors of n.
131
Suppose 125*v - 126*v = -10. Suppose -4*d = -1566 - v. What are the prime factors of d?
2, 197
Let b(t) = 155*t**2 + 42*t - 134. List the prime factors of b(-8).
2, 3, 5, 7
Let q(l) = -34 + 0*l - 6*l + 16*l - 6*l. Let s be q(10). What are the prime factors of (1 + (-26)/s)/((-4)/132)?
2, 5, 11
Let x be (-9)/(-1*-4*4/(-16)). Suppose 11*t = x - 75. What are the prime factors of 52/39*(-495)/t?
2, 5, 11
Suppose 0*m + m + 5 = 0. Let c be 2*m/30*-18. Suppose -t = c*t - 385. List the prime factors of t.
5, 11
Suppose 131*v + 1870 = 142*v. Suppose 0 = 4*x - v + 126. What are the prime factors of x?
11
Suppose -397691 = -16*m - 23627. List the prime factors of m.
3, 7793
Let m be -60*(2 - (-5 + 42/8)). Let v = 320 + m. W